{"version":"1.0","provider_name":"T\u0171z-k\u00f6nnyek","provider_url":"https:\/\/firetears.cafeblog.hu","author_name":"fire-tears","author_url":"https:\/\/firetears.cafeblog.hu\/author\/fire-tears\/","title":"","html":"<p><br><\/p><p><span style=\"font-family: Verdana; \"><span style=\"font-size: 20px; \"><span style=\"color: rgb(128, 0, 51); \"><\/span><span style=\"font-size: 24px; color: rgb(128, 0, 51); \">No comment....<\/span><\/span><\/span><\/p><p>&nbsp;<span class=\"Apple-style-span\" style=\"color: rgb(78, 103, 134); font-family: Tahoma, Helvetica, sans-serif; font-size: 11px; line-height: 16px; \"><b><span class=\"blog_color1\" style=\"color: rgb(50, 74, 105); \">xy:<\/span><\/b><\/span><\/p><span class=\"Apple-style-span\" style=\"color: rgb(78, 103, 134); font-family: Tahoma, Helvetica, sans-serif; font-size: 11px; line-height: 16px; \">Szerintem s\u0171rg\u0151sen fordulj pszichi\u00e1terhez, mert m\u00e1r s\u00falyos probl\u00e9m\u00e1k mutatkoznak n\u00e1lad. F\u0151leg akkor, ha a gonoszs\u00e1god \u00e9s a bossz\u00fav\u00e1gyad m\u00e1r oly m\u00e9rt\u00e9k\u0171, hogy val\u00f3s\u00e1gnak pr\u00f3b\u00e1lod be\u00e1ll\u00edtani azt, ami nem igaz.<\/span><span class=\"Apple-style-span\" style=\"color: rgb(78, 103, 134); font-family: Tahoma, Helvetica, sans-serif; font-size: 11px; line-height: 16px; \"><br><\/span><span class=\"Apple-style-span\" style=\"color: rgb(78, 103, 134); font-family: Tahoma, Helvetica, sans-serif; font-size: 11px; line-height: 16px; \">A mon\u00f3l\u00f3godb\u00f3l biza kihagytad azt a fejezetet, hogy a pasi elhagyott t\u00e9ged, \u00e9s te ezt nem tudod, k\u00e9ptelen vagy megem\u00e9szteni. Jelenleg a feles\u00e9get pr\u00f3b\u00e1lod \"\u00f6szt\u00f6n\u00f6zni\" arra, hogy l\u00e9pjen (mivel a pasi sem az el\u0151ad\u00e1sodra, sem a zsarol\u00e1sodra, sem semmi\u00e9rt nem hajland\u00f3 elhagyni a csal\u00e1dj\u00e1t)-ez\u00e9rt van sz\u00fcks\u00e9ged erre a blogra.No meg a bossz\u00fa ami \u00e9ltet t\u00e9ged. A te vesztedre tegy\u00fck hozz\u00e1.<\/span><span class=\"Apple-style-span\" style=\"color: rgb(78, 103, 134); font-family: Tahoma, Helvetica, sans-serif; font-size: 11px; line-height: 16px; \"><br><\/span><span class=\"Apple-style-span\" style=\"color: rgb(78, 103, 134); font-family: Tahoma, Helvetica, sans-serif; font-size: 11px; line-height: 16px; \">Minden hamiss\u00e1god leleplez\u0151d\u0151tt eddig, \u00e9s le fog a j\u0151v\u0151ben is. Ahogy ez is.<\/span>  <div><span class=\"Apple-style-span\" style=\"color: rgb(78, 103, 134); font-family: Tahoma, Helvetica, sans-serif; font-size: 11px; line-height: 16px; \"><br><\/span><\/div><div><span class=\"Apple-style-span\" style=\"color: rgb(78, 103, 134); font-family: Tahoma, Helvetica, sans-serif; font-size: 11px; line-height: 16px; \">2011-01-09 11:53:53 &nbsp; &nbsp;&nbsp;<br><b><span class=\"blog_color1\" style=\"color: rgb(50, 74, 105); \">xy:<\/span><\/b><br>Az igazat irtam, \u00e9s legyen ennyi el\u00e9g.<br>\u0150kegyelme m\u00e1r nem tud mit kezdeni, mert a f\u00e9rjemet nem tudta dobbant\u00e1sra b\u00edrni. X \u00e9ve n\u00e1lam pr\u00f3b\u00e1lkozik hogy \u00e9n dobjam ki. No meg arr\u00f3l se feledkezz\u00fcnk meg, hogy \u0151 lett r\u00f6ptetve.T\u00f6m\u00f6ren.<\/span><\/div><div><span class=\"Apple-style-span\" style=\"color: rgb(78, 103, 134); font-family: Tahoma, Helvetica, sans-serif; font-size: 11px; line-height: 16px; \"><br><\/span><\/div><div><span class=\"Apple-style-span\" style=\"color: rgb(78, 103, 134); font-family: Tahoma, Helvetica, sans-serif; font-size: 11px; line-height: 16px; \">2011-01-09 11:55:15 &nbsp; &nbsp;&nbsp;<br><b><span class=\"blog_color1\" style=\"color: rgb(50, 74, 105); \">xy:<\/span><\/b><br>\u00c9s nem vagyok s\u00e9rtett:) de m\u00e1r nagyon unom a hazudoz\u00e1sait \u00e9s az el\u0151ad\u00e1s\u00e1t. Itt is, \u00e9s a f\u00f3rumon is.<\/span><\/div><div><span class=\"Apple-style-span\" style=\"color: rgb(78, 103, 134); font-family: Tahoma, Helvetica, sans-serif; font-size: 11px; line-height: 16px; \"><br><\/span><\/div><div><span class=\"Apple-style-span\" style=\"color: rgb(78, 103, 134); font-family: Tahoma, Helvetica, sans-serif; font-size: 11px; line-height: 16px; \"><br><\/span><\/div><div><span class=\"Apple-style-span\" style=\"color: rgb(78, 103, 134); font-family: Tahoma, Helvetica, sans-serif; font-size: 11px; line-height: 16px; \"><span style=\"color: rgb(128, 0, 51); \">2011-01-09 11:33:33 &nbsp; &nbsp;<\/span>&nbsp;<br><b><span class=\"blog_color1\" style=\"color: rgb(50, 74, 105); \"><span style=\"color: rgb(128, 0, 51); \">Figyel\u0151:<\/span><\/span><\/b><br><span style=\"color: rgb(128, 0, 51); \">Kedves XY! Nyilv\u00e1nval\u00f3an volt\u00e1l m\u00e1r hasonl\u00f3 helyzetben, hogy ily k\u00f6nnyed\u00e9n eregeted a szavakat. :\/ Tal\u00e1n nem k\u00e9ne. Ha a s\u00e9rtetts\u00e9g m\u00e1sik oldal\u00e1n \u00e1llsz, k\u00fczdj\u00e9l meg vele magad, de ne m\u00e1sokon vezesd le!<\/span><\/span><\/div><div><span class=\"Apple-style-span\" style=\"color: rgb(78, 103, 134); font-family: Tahoma, Helvetica, sans-serif; font-size: 11px; line-height: 16px; \"><br><\/span><\/div><div><span class=\"Apple-style-span\" style=\"color: rgb(78, 103, 134); font-family: Tahoma, Helvetica, sans-serif; font-size: 11px; line-height: 16px; \"><br><\/span><\/div><div><span class=\"Apple-style-span\" style=\"color: rgb(78, 103, 134); font-family: Tahoma, Helvetica, sans-serif; font-size: 11px; line-height: 16px; \"><span style=\"color: rgb(128, 0, 51); \">2011-01-09 12:38:30 &nbsp;&nbsp;<\/span><span style=\"color: rgb(128, 0, 51); \">&nbsp;<\/span><br><b><span class=\"blog_color1\" style=\"color: rgb(128, 0, 51); \">fire-tears:<\/span><\/b><br><span style=\"color: rgb(128, 0, 51); \">Kedves, ismeretlen XY!<\/span><br><br><span style=\"color: rgb(128, 0, 51); \">Mivel nem vagyok benne biztos, hogy megfelel\u0151en \u00e9rtelmezted az \u00edr\u00e1somat, ez\u00e9rt CSAK NEKED: \u00e9n is javasoln\u00e1m, hogy keress fel egy pszichol\u00f3giai szakrendel\u00e9st, mert ha m\u00e1r ott tartasz, hogy vadidegenekbe k\u00f6tsz bele s\u00e9relmeid megtorl\u00e1sak\u00e9nt, akkor val\u00f3ban sz\u00fcks\u00e9g lehet r\u00e1...<\/span><br><span style=\"color: rgb(128, 0, 51); \">Egyeztess\u00fcnk csak... t\u00e9ged is egy Istv\u00e1n nev\u0171, negyven \u00e9ves f\u00e9rfi k\u00e9sz\u00fcl elhagyni? \u00c9ppen ott tartotok, hogy h\u00e1rom h\u00f3napon bel\u00fcl elveszi a bank a h\u00e1zatokat? Esetleg Andinak h\u00edvnak??? Mert minden m\u00e1s esetben NEM SOK K\u00d6Z\u00d6D VAN a t\u00f6rt\u00e9net\u00fcnkh\u00f6z!!!<\/span><br><span style=\"color: rgb(128, 0, 51); \">...\u00e9s r\u00e1ad\u00e1sul t\u00e9vedsz, mert jelen esetben nem \u00e9n szeretn\u00e9k az \u00farral k\u00f6z\u00f6s \u00e9letet, hanem \u0151... \u00e9s most \u00e9ppen azon vagyok, hogy \u00e9rtse meg: \u00edgy nem lehet. A lehet\u0151s\u00e9g\u00fcnk m\u00e1r azel\u0151tt meghalt, hogy megsz\u00fclethetett volna... \u00e9s r\u00e1ad\u00e1sul kett\u0151nk k\u00f6z\u00fcl \u00e9n szorgalmazom, hogy a csal\u00e1dj\u00e1\u00e9rt addig am\u00edg lehet, mindent meg kell tennie...<\/span><br><br><span style=\"color: rgb(128, 0, 51); \">Mivel nem f\u00f3rumozom, v\u00e9gk\u00e9pp nem \u00e9rtem, hogy mir\u0151l besz\u00e9lsz... de mivel ilyen kommentek sz\u00e1momra sem sz\u00fcks\u00e9gesek, \u00edgy hamarosan t\u00f6r\u00f6lni fogom. K\u00e9rlek azzal hisztizz, aki val\u00f3ban meg\u00e9rdemli \u00e9s ne zaklass idegeneket!!!<\/span><br><span style=\"color: rgb(128, 0, 51); \">Mellesleg ha elfogadsz egy v\u00e9lem\u00e9nyt, a f\u00e9rjedet (ha val\u00f3ban van) akkor ezzel a viselked\u00e9ssel fogod a legkev\u00e9sb\u00e9 megtartani. Az ilyen fok\u00fa arroganci\u00e1t\u00f3l minden \u00e9rtelmes ember elhat\u00e1rol\u00f3dik....<\/span><\/span><\/div><div><span class=\"Apple-style-span\" style=\"color: rgb(78, 103, 134); font-family: Tahoma, Helvetica, sans-serif; font-size: 11px; line-height: 16px; \"><br><\/span><\/div><div><span class=\"Apple-style-span\" style=\"color: rgb(78, 103, 134); font-family: Tahoma, Helvetica, sans-serif; font-size: 11px; line-height: 16px; \"><br><\/span><\/div><div><span class=\"Apple-style-span\" style=\"color: rgb(78, 103, 134); font-family: Tahoma, Helvetica, sans-serif; font-size: 11px; line-height: 16px; \"><span style=\"color: rgb(128, 0, 51); \">2011-01-09 12:31:06 &nbsp; &nbsp;<\/span><span style=\"color: rgb(128, 0, 51); \">&nbsp;<\/span><br><b><span class=\"blog_color1\" style=\"color: rgb(128, 0, 51); \">fire-tears:<\/span><\/b><br><span style=\"color: rgb(128, 0, 51); \">Kedves Figyel\u0151!<\/span><br><br><span style=\"color: rgb(128, 0, 51); \">Nekem most kev\u00e9sb\u00e9 siker\u00fclt a higgadt v\u00e1lasz, mint Neked... val\u00f3sz\u00edn\u0171leg a h\u00f6lgy most minden idegenbe belel\u00e1tja saj\u00e1t k\u00ednjait \u00e9s v\u00e1logat\u00e1s n\u00e9lk\u00fcl s\u00falyt le vill\u00e1maival. \u00c9n eg\u00e9sz biztos vagyok benne, hogy az \u0151 t\u00f6rt\u00e9nete nem az eny\u00e9m. De Neked bevallom, a gyermekcip\u0151ben j\u00e1r\u00f3 blogomhoz annyira megmagyar\u00e1zhatatlan hozz\u00e1sz\u00f3l\u00e1s \u00e9s \u00fczenet \u00e9rkezik, hogy m\u00e1ris gondolkozom a berekeszt\u00e9s\u00e9n....<\/span><br><span style=\"color: rgb(128, 0, 51); \">Hiszen sem az els\u0151 bejegyz\u00e9shez \u00e9rkezett reakci\u00f3k, sem az itt keletkezett mocsok\u00e1radat igazi c\u00e9lszem\u00e9lye nem \u00e9n vagyok.<\/span><br><span style=\"color: rgb(128, 0, 51); \">...ennek \u00edgy viszont nem sok \u00e9rtelme van!!! Ha ennyi paranoid, k\u00e9nyszerk\u00e9pzetekkel meg\u00e1ldott, olvasni sem tud\u00f3 ember fut bele az \u00edr\u00e1saimba, akkor a nyugalmat, amit az \u00edr\u00e1s jelentett volna, \u00fagy sem tal\u00e1lom meg.... k\u00e1r \u00e9rte:((<\/span><\/span><\/div>","type":"rich"}

Tűz-könnyek

<p><br></p><p><span style="font-family: Verdana; "><span style="font-size: 20px; "><span style="color: rgb(128, 0, 51); "></span><span style="font-size: 24px; color: rgb(128, 0, 51); ">No comment....</span></span></span></p><p>&nbsp;<span class="Apple-style-span" style="color: rgb(78, 103, 134); font-family: Tahoma, Helvetica, sans-serif; font-size: 11px; line-height: 16px; "><b><span class="blog_color1" style="color: rgb(50, 74, 105); ">xy:</span></b></span></p><span class="Apple-style-span" style="color: rgb(78, 103, 134); font-family: Tahoma, Helvetica, sans-serif; font-size: 11px; line-height: 16px; ">Szerintem sűrgősen fordulj pszichiáterhez, mert már súlyos problémák mutatkoznak nálad. Főleg akkor, ha a gonoszságod és a bosszúvágyad már oly mértékű, hogy valóságnak próbálod beállítani azt, ami nem igaz.</span><span class="Apple-style-span" style="color: rgb(78, 103, 134); font-family: Tahoma, Helvetica, sans-serif; font-size: 11px; line-height: 16px; "><br></span><span class="Apple-style-span" style="color: rgb(78, 103, 134); font-family: Tahoma, Helvetica, sans-serif; font-size: 11px; line-height: 16px; ">A monólógodból biza kihagytad azt a fejezetet, hogy a pasi elhagyott téged, és te ezt nem tudod, képtelen vagy megemészteni. Jelenleg a feleséget próbálod "ösztönözni" arra, hogy lépjen (mivel a pasi sem az előadásodra, sem a zsarolásodra, sem semmiért nem hajlandó elhagyni a családját)-ezért van szükséged erre a blogra.No meg a bosszú ami éltet téged. A te vesztedre tegyük hozzá.</span><span class="Apple-style-span" style="color: rgb(78, 103, 134); font-family: Tahoma, Helvetica, sans-serif; font-size: 11px; line-height: 16px; "><br></span><span class="Apple-style-span" style="color: rgb(78, 103, 134); font-family: Tahoma, Helvetica, sans-serif; font-size: 11px; line-height: 16px; ">Minden hamisságod lelepleződőtt eddig, és le fog a jővőben is. Ahogy ez is.</span>  <div><span class="Apple-style-span" style="color: rgb(78, 103, 134); font-family: Tahoma, Helvetica, sans-serif; font-size: 11px; line-height: 16px; "><br></span></div><div><span class="Apple-style-span" style="color: rgb(78, 103, 134); font-family: Tahoma, Helvetica, sans-serif; font-size: 11px; line-height: 16px; ">2011-01-09 11:53:53 &nbsp; &nbsp;&nbsp;<br><b><span class="blog_color1" style="color: rgb(50, 74, 105); ">xy:</span></b><br>Az igazat irtam, és legyen ennyi elég.<br>Őkegyelme már nem tud mit kezdeni, mert a férjemet nem tudta dobbantásra bírni. X éve nálam próbálkozik hogy én dobjam ki. No meg arról se feledkezzünk meg, hogy ő lett röptetve.Tömören.</span></div><div><span class="Apple-style-span" style="color: rgb(78, 103, 134); font-family: Tahoma, Helvetica, sans-serif; font-size: 11px; line-height: 16px; "><br></span></div><div><span class="Apple-style-span" style="color: rgb(78, 103, 134); font-family: Tahoma, Helvetica, sans-serif; font-size: 11px; line-height: 16px; ">2011-01-09 11:55:15 &nbsp; &nbsp;&nbsp;<br><b><span class="blog_color1" style="color: rgb(50, 74, 105); ">xy:</span></b><br>És nem vagyok sértett:) de már nagyon unom a hazudozásait és az előadását. Itt is, és a fórumon is.</span></div><div><span class="Apple-style-span" style="color: rgb(78, 103, 134); font-family: Tahoma, Helvetica, sans-serif; font-size: 11px; line-height: 16px; "><br></span></div><div><span class="Apple-style-span" style="color: rgb(78, 103, 134); font-family: Tahoma, Helvetica, sans-serif; font-size: 11px; line-height: 16px; "><br></span></div><div><span class="Apple-style-span" style="color: rgb(78, 103, 134); font-family: Tahoma, Helvetica, sans-serif; font-size: 11px; line-height: 16px; "><span style="color: rgb(128, 0, 51); ">2011-01-09 11:33:33 &nbsp; &nbsp;</span>&nbsp;<br><b><span class="blog_color1" style="color: rgb(50, 74, 105); "><span style="color: rgb(128, 0, 51); ">Figyelő:</span></span></b><br><span style="color: rgb(128, 0, 51); ">Kedves XY! Nyilvánvalóan voltál már hasonló helyzetben, hogy ily könnyedén eregeted a szavakat. :/ Talán nem kéne. Ha a sértettség másik oldalán állsz, küzdjél meg vele magad, de ne másokon vezesd le!</span></span></div><div><span class="Apple-style-span" style="color: rgb(78, 103, 134); font-family: Tahoma, Helvetica, sans-serif; font-size: 11px; line-height: 16px; "><br></span></div><div><span class="Apple-style-span" style="color: rgb(78, 103, 134); font-family: Tahoma, Helvetica, sans-serif; font-size: 11px; line-height: 16px; "><br></span></div><div><span class="Apple-style-span" style="color: rgb(78, 103, 134); font-family: Tahoma, Helvetica, sans-serif; font-size: 11px; line-height: 16px; "><span style="color: rgb(128, 0, 51); ">2011-01-09 12:38:30 &nbsp;&nbsp;</span><span style="color: rgb(128, 0, 51); ">&nbsp;</span><br><b><span class="blog_color1" style="color: rgb(128, 0, 51); ">fire-tears:</span></b><br><span style="color: rgb(128, 0, 51); ">Kedves, ismeretlen XY!</span><br><br><span style="color: rgb(128, 0, 51); ">Mivel nem vagyok benne biztos, hogy megfelelően értelmezted az írásomat, ezért CSAK NEKED: én is javasolnám, hogy keress fel egy pszichológiai szakrendelést, mert ha már ott tartasz, hogy vadidegenekbe kötsz bele sérelmeid megtorlásaként, akkor valóban szükség lehet rá...</span><br><span style="color: rgb(128, 0, 51); ">Egyeztessünk csak... téged is egy István nevű, negyven éves férfi készül elhagyni? Éppen ott tartotok, hogy három hónapon belül elveszi a bank a házatokat? Esetleg Andinak hívnak??? Mert minden más esetben NEM SOK KÖZÖD VAN a történetünkhöz!!!</span><br><span style="color: rgb(128, 0, 51); ">...és ráadásul tévedsz, mert jelen esetben nem én szeretnék az úrral közös életet, hanem ő... és most éppen azon vagyok, hogy értse meg: így nem lehet. A lehetőségünk már azelőtt meghalt, hogy megszülethetett volna... és ráadásul kettőnk közül én szorgalmazom, hogy a családjáért addig amíg lehet, mindent meg kell tennie...</span><br><br><span style="color: rgb(128, 0, 51); ">Mivel nem fórumozom, végképp nem értem, hogy miről beszélsz... de mivel ilyen kommentek számomra sem szükségesek, így hamarosan törölni fogom. Kérlek azzal hisztizz, aki valóban megérdemli és ne zaklass idegeneket!!!</span><br><span style="color: rgb(128, 0, 51); ">Mellesleg ha elfogadsz egy véleményt, a férjedet (ha valóban van) akkor ezzel a viselkedéssel fogod a legkevésbé megtartani. Az ilyen fokú arroganciától minden értelmes ember elhatárolódik....</span></span></div><div><span class="Apple-style-span" style="color: rgb(78, 103, 134); font-family: Tahoma, Helvetica, sans-serif; font-size: 11px; line-height: 16px; "><br></span></div><div><span class="Apple-style-span" style="color: rgb(78, 103, 134); font-family: Tahoma, Helvetica, sans-serif; font-size: 11px; line-height: 16px; "><br></span></div><div><span class="Apple-style-span" style="color: rgb(78, 103, 134); font-family: Tahoma, Helvetica, sans-serif; font-size: 11px; line-height: 16px; "><span style="color: rgb(128, 0, 51); ">2011-01-09 12:31:06 &nbsp; &nbsp;</span><span style="color: rgb(128, 0, 51); ">&nbsp;</span><br><b><span class="blog_color1" style="color: rgb(128, 0, 51); ">fire-tears:</span></b><br><span style="color: rgb(128, 0, 51); ">Kedves Figyelő!</span><br><br><span style="color: rgb(128, 0, 51); ">Nekem most kevésbé sikerült a higgadt válasz, mint Neked... valószínűleg a hölgy most minden idegenbe belelátja saját kínjait és válogatás nélkül súlyt le villámaival. Én egész biztos vagyok benne, hogy az ő története nem az enyém. De Neked bevallom, a gyermekcipőben járó blogomhoz annyira megmagyarázhatatlan hozzászólás és üzenet érkezik, hogy máris gondolkozom a berekesztésén....</span><br><span style="color: rgb(128, 0, 51); ">Hiszen sem az első bejegyzéshez érkezett reakciók, sem az itt keletkezett mocsokáradat igazi célszemélye nem én vagyok.</span><br><span style="color: rgb(128, 0, 51); ">...ennek így viszont nem sok értelme van!!! Ha ennyi paranoid, kényszerképzetekkel megáldott, olvasni sem tudó ember fut bele az írásaimba, akkor a nyugalmat, amit az írás jelentett volna, úgy sem találom meg.... kár érte:((</span></span></div>
